{"id":1986,"date":"2024-09-24T23:47:52","date_gmt":"2024-09-24T23:47:52","guid":{"rendered":"https:\/\/angelicacakedesign.com\/?page_id=1986"},"modified":"2026-04-25T05:04:50","modified_gmt":"2026-04-25T05:04:50","slug":"ebook-rellenos-estructurales","status":"publish","type":"page","link":"https:\/\/angelicacakedesign.com\/index.php\/ebook-rellenos-estructurales\/","title":{"rendered":"EBOOK RELLENOS ESTRUCTURALES"},"content":{"rendered":"\t\t<div data-elementor-type=\"wp-page\" data-elementor-id=\"1986\" class=\"elementor elementor-1986\" data-elementor-post-type=\"page\">\n\t\t\t\t<div class=\"elementor-element elementor-element-a9dbf77 e-flex e-con-boxed e-con e-parent\" data-id=\"a9dbf77\" data-element_type=\"container\" data-e-type=\"container\" data-settings=\"{&quot;background_background&quot;:&quot;classic&quot;}\">\n\t\t\t\t\t<div class=\"e-con-inner\">\n\t\t\t\t<div class=\"elementor-element elementor-element-37a117c elementor-widget elementor-widget-heading\" data-id=\"37a117c\" data-element_type=\"widget\" data-e-type=\"widget\" data-widget_type=\"heading.default\">\n\t\t\t\t<div class=\"elementor-widget-container\">\n\t\t\t\t\t<h2 class=\"elementor-heading-title elementor-size-default\"> LOS MEJORES 20 RELLENOS ESTRUCTURALES PARA TORTAS ALTAS<\/h2>\t\t\t\t<\/div>\n\t\t\t\t<\/div>\n\t\t\t\t\t<\/div>\n\t\t\t\t<\/div>\n\t\t<div class=\"elementor-element elementor-element-4d64ea6 e-flex e-con-boxed e-con e-parent\" data-id=\"4d64ea6\" data-element_type=\"container\" data-e-type=\"container\">\n\t\t\t\t\t<div class=\"e-con-inner\">\n\t\t\t\t<div class=\"elementor-element elementor-element-a6cff26 elementor-widget elementor-widget-text-editor\" data-id=\"a6cff26\" data-element_type=\"widget\" data-e-type=\"widget\" data-widget_type=\"text-editor.default\">\n\t\t\t\t<div class=\"elementor-widget-container\">\n\t\t\t\t\t\t\t\t\t<h3 style=\"text-align: center;\">Aprende las mejores recetas que asegurar\u00e1n que tus tortas se mantengan perfectas, incluso las m\u00e1s altas<\/h3>\t\t\t\t\t\t\t\t<\/div>\n\t\t\t\t<\/div>\n\t\t\t\t<div class=\"elementor-element elementor-element-8a94828 elementor-align-justify elementor-mobile-align-justify elementor-widget-mobile__width-inherit elementor-invisible elementor-widget elementor-widget-button\" data-id=\"8a94828\" data-element_type=\"widget\" data-e-type=\"widget\" data-settings=\"{&quot;_animation&quot;:&quot;fadeIn&quot;,&quot;_animation_mobile&quot;:&quot;zoomIn&quot;}\" data-widget_type=\"button.default\">\n\t\t\t\t<div class=\"elementor-widget-container\">\n\t\t\t\t\t\t\t\t\t<div class=\"elementor-button-wrapper\">\n\t\t\t\t\t<a class=\"elementor-button elementor-button-link elementor-size-sm\" href=\"https:\/\/pay.hotmart.com\/T95668567S?off=duuru7o2\">\n\t\t\t\t\t\t<span class=\"elementor-button-content-wrapper\">\n\t\t\t\t\t\t\t\t\t<span class=\"elementor-button-text\">\u00a1COMPRA AHORA!<\/span>\n\t\t\t\t\t<\/span>\n\t\t\t\t\t<\/a>\n\t\t\t\t<\/div>\n\t\t\t\t\t\t\t\t<\/div>\n\t\t\t\t<\/div>\n\t\t\t\t<div class=\"elementor-element elementor-element-fd5084d elementor-widget elementor-widget-image\" data-id=\"fd5084d\" data-element_type=\"widget\" data-e-type=\"widget\" data-widget_type=\"image.default\">\n\t\t\t\t<div class=\"elementor-widget-container\">\n\t\t\t\t\t\t\t\t\t\t\t\t\t\t\t<img fetchpriority=\"high\" decoding=\"async\" width=\"662\" height=\"1024\" src=\"https:\/\/angelicacakedesign.com\/wp-content\/uploads\/2024\/09\/WhatsApp-Image-2024-09-23-at-7.48.18-PM-662x1024.jpeg\" class=\"attachment-large size-large wp-image-1988\" alt=\"\" srcset=\"https:\/\/angelicacakedesign.com\/wp-content\/uploads\/2024\/09\/WhatsApp-Image-2024-09-23-at-7.48.18-PM-662x1024.jpeg 662w, https:\/\/angelicacakedesign.com\/wp-content\/uploads\/2024\/09\/WhatsApp-Image-2024-09-23-at-7.48.18-PM-194x300.jpeg 194w, https:\/\/angelicacakedesign.com\/wp-content\/uploads\/2024\/09\/WhatsApp-Image-2024-09-23-at-7.48.18-PM-768x1187.jpeg 768w, https:\/\/angelicacakedesign.com\/wp-content\/uploads\/2024\/09\/WhatsApp-Image-2024-09-23-at-7.48.18-PM-600x928.jpeg 600w, https:\/\/angelicacakedesign.com\/wp-content\/uploads\/2024\/09\/WhatsApp-Image-2024-09-23-at-7.48.18-PM.jpeg 828w\" sizes=\"(max-width: 662px) 100vw, 662px\" \/>\t\t\t\t\t\t\t\t\t\t\t\t\t\t\t<\/div>\n\t\t\t\t<\/div>\n\t\t\t\t\t<\/div>\n\t\t\t\t<\/div>\n\t\t<div class=\"elementor-element elementor-element-81053a3 e-flex e-con-boxed e-con e-parent\" data-id=\"81053a3\" data-element_type=\"container\" data-e-type=\"container\">\n\t\t\t\t\t<div class=\"e-con-inner\">\n\t\t\t\t<div class=\"elementor-element elementor-element-b7683b1 elementor-widget elementor-widget-heading\" data-id=\"b7683b1\" data-element_type=\"widget\" data-e-type=\"widget\" data-widget_type=\"heading.default\">\n\t\t\t\t<div class=\"elementor-widget-container\">\n\t\t\t\t\t<h2 class=\"elementor-heading-title elementor-size-default\">PORQU\u00c9 NECESITAS ESTE EBOOK?<br><\/h2>\t\t\t\t<\/div>\n\t\t\t\t<\/div>\n\t\t\t\t<div class=\"elementor-element elementor-element-f656ae5 elementor-widget elementor-widget-text-editor\" data-id=\"f656ae5\" data-element_type=\"widget\" data-e-type=\"widget\" data-widget_type=\"text-editor.default\">\n\t\t\t\t<div class=\"elementor-widget-container\">\n\t\t\t\t\t\t\t\t\t<div><p><img decoding=\"async\" class=\"alignnone size-full wp-image-777\" src=\"http:\/\/angelicacakedesign.com\/wp-content\/uploads\/2024\/05\/Varinha.png\" alt=\"\" width=\"105\" height=\"40\" \/>\u2022 \u201cRellenos a base de Ganache que proporcionan estabilidad a tus tortas altas, asegurando que mantengan su forma perfecta.\u201d<\/p><\/div><div><p><img decoding=\"async\" class=\"alignnone size-full wp-image-777\" src=\"http:\/\/angelicacakedesign.com\/wp-content\/uploads\/2024\/05\/Varinha.png\" alt=\"\" width=\"105\" height=\"40\" \/>\u2022\u201cRecetas f\u00e1ciles y probadas, que te permitir\u00e1n dominar t\u00e9cnicas avanzadas sin complicaciones.\u201d<\/p><\/div><div><img decoding=\"async\" class=\"alignnone size-full wp-image-777\" src=\"http:\/\/angelicacakedesign.com\/wp-content\/uploads\/2024\/05\/Varinha.png\" alt=\"\" width=\"105\" height=\"40\" \/>\u2022\u201cSoluciones para cualquier clima, \u00a1no m\u00e1s tortas que se derriten o desmoronan!\u201d<\/div><div>\u00a0<\/div><div><img decoding=\"async\" class=\"alignnone size-full wp-image-777\" src=\"http:\/\/angelicacakedesign.com\/wp-content\/uploads\/2024\/05\/Varinha.png\" alt=\"\" width=\"105\" height=\"40\" \/>\u2022\u201cPerfecto para pasteleras emprendedoras, mejora tus habilidades y ofrece productos de mayor calidad a tus clientes.\u201d<\/div>\t\t\t\t\t\t\t\t<\/div>\n\t\t\t\t<\/div>\n\t\t\t\t<div class=\"elementor-element elementor-element-f8955bb elementor-widget elementor-widget-image\" data-id=\"f8955bb\" data-element_type=\"widget\" data-e-type=\"widget\" data-widget_type=\"image.default\">\n\t\t\t\t<div class=\"elementor-widget-container\">\n\t\t\t\t\t\t\t\t\t\t\t\t\t\t\t<img decoding=\"async\" width=\"642\" height=\"1024\" src=\"https:\/\/angelicacakedesign.com\/wp-content\/uploads\/2026\/04\/EBOOK-20-RELLENOS-ESTRUCTURALES-ACTUALIZADO-1-642x1024.jpg\" class=\"attachment-large size-large wp-image-2898\" alt=\"\" srcset=\"https:\/\/angelicacakedesign.com\/wp-content\/uploads\/2026\/04\/EBOOK-20-RELLENOS-ESTRUCTURALES-ACTUALIZADO-1-642x1024.jpg 642w, https:\/\/angelicacakedesign.com\/wp-content\/uploads\/2026\/04\/EBOOK-20-RELLENOS-ESTRUCTURALES-ACTUALIZADO-1-188x300.jpg 188w, https:\/\/angelicacakedesign.com\/wp-content\/uploads\/2026\/04\/EBOOK-20-RELLENOS-ESTRUCTURALES-ACTUALIZADO-1-768x1226.jpg 768w, https:\/\/angelicacakedesign.com\/wp-content\/uploads\/2026\/04\/EBOOK-20-RELLENOS-ESTRUCTURALES-ACTUALIZADO-1-963x1536.jpg 963w, https:\/\/angelicacakedesign.com\/wp-content\/uploads\/2026\/04\/EBOOK-20-RELLENOS-ESTRUCTURALES-ACTUALIZADO-1-1283x2048.jpg 1283w, https:\/\/angelicacakedesign.com\/wp-content\/uploads\/2026\/04\/EBOOK-20-RELLENOS-ESTRUCTURALES-ACTUALIZADO-1-600x957.jpg 600w, https:\/\/angelicacakedesign.com\/wp-content\/uploads\/2026\/04\/EBOOK-20-RELLENOS-ESTRUCTURALES-ACTUALIZADO-1.jpg 1410w\" sizes=\"(max-width: 642px) 100vw, 642px\" \/>\t\t\t\t\t\t\t\t\t\t\t\t\t\t\t<\/div>\n\t\t\t\t<\/div>\n\t\t\t\t\t<\/div>\n\t\t\t\t<\/div>\n\t\t<div class=\"elementor-element elementor-element-3ce9050 e-con-full e-flex e-con e-parent\" data-id=\"3ce9050\" data-element_type=\"container\" data-e-type=\"container\">\n\t\t\t\t<div class=\"elementor-element elementor-element-cd73475 elementor-align-justify elementor-invisible elementor-widget elementor-widget-button\" data-id=\"cd73475\" data-element_type=\"widget\" data-e-type=\"widget\" data-settings=\"{&quot;motion_fx_motion_fx_scrolling&quot;:&quot;yes&quot;,&quot;_animation&quot;:&quot;fadeIn&quot;,&quot;motion_fx_devices&quot;:[&quot;desktop&quot;,&quot;tablet&quot;,&quot;mobile&quot;]}\" data-widget_type=\"button.default\">\n\t\t\t\t<div class=\"elementor-widget-container\">\n\t\t\t\t\t\t\t\t\t<div class=\"elementor-button-wrapper\">\n\t\t\t\t\t<a class=\"elementor-button elementor-button-link elementor-size-sm\" href=\"https:\/\/pay.hotmart.com\/T95668567S?off=duuru7o2\">\n\t\t\t\t\t\t<span class=\"elementor-button-content-wrapper\">\n\t\t\t\t\t\t\t\t\t<span class=\"elementor-button-text\">\u00a1QUIERO INSCRIBIRME YA!<\/span>\n\t\t\t\t\t<\/span>\n\t\t\t\t\t<\/a>\n\t\t\t\t<\/div>\n\t\t\t\t\t\t\t\t<\/div>\n\t\t\t\t<\/div>\n\t\t\t\t<\/div>\n\t\t<div class=\"elementor-element elementor-element-ced13dc e-flex e-con-boxed e-con e-parent\" data-id=\"ced13dc\" data-element_type=\"container\" data-e-type=\"container\">\n\t\t\t\t\t<div class=\"e-con-inner\">\n\t\t\t\t<div class=\"elementor-element elementor-element-0f498a4 elementor-widget elementor-widget-heading\" data-id=\"0f498a4\" data-element_type=\"widget\" data-e-type=\"widget\" data-widget_type=\"heading.default\">\n\t\t\t\t<div class=\"elementor-widget-container\">\n\t\t\t\t\t<h2 class=\"elementor-heading-title elementor-size-default\">QUE ENCONTRAR\u00c1S DENTRO DEL EBOOK<\/h2>\t\t\t\t<\/div>\n\t\t\t\t<\/div>\n\t\t\t\t<div class=\"elementor-element elementor-element-2352f04 elementor-widget elementor-widget-text-editor\" data-id=\"2352f04\" data-element_type=\"widget\" data-e-type=\"widget\" data-widget_type=\"text-editor.default\">\n\t\t\t\t<div class=\"elementor-widget-container\">\n\t\t\t\t\t\t\t\t\t<div style=\"text-align: center;\">\u00a0<\/div><div style=\"text-align: center;\"><div><div>\u202220 rellenos estructurales a base de ganache con receta y procedimiento detallado<\/div><\/div><div>\u2022Explicaci\u00f3n t\u00e9cnica de por qu\u00e9 cada relleno funciona y c\u00f3mo logra estabilidad<\/div><div>\u2022Soluciones para diferentes climas y alturas de torta<\/div><div>\u2022Secci\u00f3n de almacenamiento correcto<\/div><div>\u2022Tabla de cantidades seg\u00fan tama\u00f1o de torta<\/div><div>\u20223 recetas con c\u00f3digo QR que te llevan directo al video paso a paso<\/div><p>Explicaci\u00f3n t\u00e9cnica de por qu\u00e9 cada relleno funciona y c\u00f3mo logra estabilidad<\/p><\/div><div style=\"text-align: center;\">\u2022Soluciones para diferentes climas y alturas de torta<\/div><div style=\"text-align: center;\">\u2022Secci\u00f3n de almacenamiento correcto<\/div><div style=\"text-align: center;\">\u2022Tabla de cantidades seg\u00fan tama\u00f1o de torta<\/div><h5 style=\"text-align: center;\"><strong>\u20223 recetas con c\u00f3digo QR que te llevan directo al video paso a paso<\/strong><\/h5>\t\t\t\t\t\t\t\t<\/div>\n\t\t\t\t<\/div>\n\t\t\t\t<div class=\"elementor-element elementor-element-2a723c9 elementor-widget elementor-widget-image\" data-id=\"2a723c9\" data-element_type=\"widget\" data-e-type=\"widget\" data-widget_type=\"image.default\">\n\t\t\t\t<div class=\"elementor-widget-container\">\n\t\t\t\t\t\t\t\t\t\t\t\t\t\t\t<img loading=\"lazy\" decoding=\"async\" width=\"642\" height=\"1024\" src=\"https:\/\/angelicacakedesign.com\/wp-content\/uploads\/2026\/04\/EBOOK-20-RELLENOS-ESTRUCTURALES-ACTUALIZADO-2-642x1024.jpg\" class=\"attachment-large size-large wp-image-2899\" alt=\"\" srcset=\"https:\/\/angelicacakedesign.com\/wp-content\/uploads\/2026\/04\/EBOOK-20-RELLENOS-ESTRUCTURALES-ACTUALIZADO-2-642x1024.jpg 642w, https:\/\/angelicacakedesign.com\/wp-content\/uploads\/2026\/04\/EBOOK-20-RELLENOS-ESTRUCTURALES-ACTUALIZADO-2-188x300.jpg 188w, https:\/\/angelicacakedesign.com\/wp-content\/uploads\/2026\/04\/EBOOK-20-RELLENOS-ESTRUCTURALES-ACTUALIZADO-2-768x1226.jpg 768w, https:\/\/angelicacakedesign.com\/wp-content\/uploads\/2026\/04\/EBOOK-20-RELLENOS-ESTRUCTURALES-ACTUALIZADO-2-963x1536.jpg 963w, https:\/\/angelicacakedesign.com\/wp-content\/uploads\/2026\/04\/EBOOK-20-RELLENOS-ESTRUCTURALES-ACTUALIZADO-2-1283x2048.jpg 1283w, https:\/\/angelicacakedesign.com\/wp-content\/uploads\/2026\/04\/EBOOK-20-RELLENOS-ESTRUCTURALES-ACTUALIZADO-2-600x957.jpg 600w, https:\/\/angelicacakedesign.com\/wp-content\/uploads\/2026\/04\/EBOOK-20-RELLENOS-ESTRUCTURALES-ACTUALIZADO-2.jpg 1410w\" sizes=\"(max-width: 642px) 100vw, 642px\" \/>\t\t\t\t\t\t\t\t\t\t\t\t\t\t\t<\/div>\n\t\t\t\t<\/div>\n\t\t\t\t\t<\/div>\n\t\t\t\t<\/div>\n\t\t<div class=\"elementor-element elementor-element-44918b1 e-flex e-con-boxed e-con e-parent\" data-id=\"44918b1\" data-element_type=\"container\" data-e-type=\"container\" data-settings=\"{&quot;background_background&quot;:&quot;classic&quot;}\">\n\t\t\t\t\t<div class=\"e-con-inner\">\n\t\t\t\t<div class=\"elementor-element elementor-element-fbf2300 elementor-widget elementor-widget-text-editor\" data-id=\"fbf2300\" data-element_type=\"widget\" data-e-type=\"widget\" data-widget_type=\"text-editor.default\">\n\t\t\t\t<div class=\"elementor-widget-container\">\n\t\t\t\t\t\t\t\t\t<h1>$19 USD<\/h1><h3>No dejes pasar esta <span style=\"color: #ff0000;\">OPORTUNIDAD<\/span>\u00a0de mejorar tus habilidades y llevar tus tortas al siguiente nivel!!!<\/h3>\t\t\t\t\t\t\t\t<\/div>\n\t\t\t\t<\/div>\n\t\t\t\t<div class=\"elementor-element elementor-element-3d9a4f4 elementor-mobile-align-justify elementor-align-center elementor-widget elementor-widget-button\" data-id=\"3d9a4f4\" data-element_type=\"widget\" data-e-type=\"widget\" data-settings=\"{&quot;_animation_mobile&quot;:&quot;fadeInDown&quot;}\" data-widget_type=\"button.default\">\n\t\t\t\t<div class=\"elementor-widget-container\">\n\t\t\t\t\t\t\t\t\t<div class=\"elementor-button-wrapper\">\n\t\t\t\t\t<a class=\"elementor-button elementor-button-link elementor-size-sm\" href=\"https:\/\/pay.hotmart.com\/T95668567S?off=duuru7o2\">\n\t\t\t\t\t\t<span class=\"elementor-button-content-wrapper\">\n\t\t\t\t\t\t\t\t\t<span class=\"elementor-button-text\">\u00a1COMPRA AHORA Y DOMINA LOS RELLENOS ESTRUCTURALES!<\/span>\n\t\t\t\t\t<\/span>\n\t\t\t\t\t<\/a>\n\t\t\t\t<\/div>\n\t\t\t\t\t\t\t\t<\/div>\n\t\t\t\t<\/div>\n\t\t\t\t\t<\/div>\n\t\t\t\t<\/div>\n\t\t<div class=\"elementor-element elementor-element-b9e9cab e-flex e-con-boxed e-con e-parent\" data-id=\"b9e9cab\" data-element_type=\"container\" data-e-type=\"container\">\n\t\t\t\t\t<div class=\"e-con-inner\">\n\t\t\t\t<div class=\"elementor-element elementor-element-8b4e402 elementor-widget-mobile__width-auto elementor-widget elementor-widget-heading\" data-id=\"8b4e402\" data-element_type=\"widget\" data-e-type=\"widget\" data-widget_type=\"heading.default\">\n\t\t\t\t<div class=\"elementor-widget-container\">\n\t\t\t\t\t<h2 class=\"elementor-heading-title elementor-size-default\">AHORA CON\u00d3CEME<\/h2>\t\t\t\t<\/div>\n\t\t\t\t<\/div>\n\t\t\t\t<div class=\"elementor-element elementor-element-977fe8d elementor-widget elementor-widget-image\" data-id=\"977fe8d\" data-element_type=\"widget\" data-e-type=\"widget\" data-widget_type=\"image.default\">\n\t\t\t\t<div class=\"elementor-widget-container\">\n\t\t\t\t\t\t\t\t\t\t\t\t\t\t\t<img loading=\"lazy\" decoding=\"async\" width=\"800\" height=\"995\" src=\"https:\/\/angelicacakedesign.com\/wp-content\/uploads\/2024\/06\/image-823x1024.webp\" class=\"attachment-large size-large wp-image-845\" alt=\"\" srcset=\"https:\/\/angelicacakedesign.com\/wp-content\/uploads\/2024\/06\/image-823x1024.webp 823w, https:\/\/angelicacakedesign.com\/wp-content\/uploads\/2024\/06\/image-241x300.webp 241w, https:\/\/angelicacakedesign.com\/wp-content\/uploads\/2024\/06\/image-768x955.webp 768w, https:\/\/angelicacakedesign.com\/wp-content\/uploads\/2024\/06\/image-1235x1536.webp 1235w, https:\/\/angelicacakedesign.com\/wp-content\/uploads\/2024\/06\/image-600x746.webp 600w, https:\/\/angelicacakedesign.com\/wp-content\/uploads\/2024\/06\/image.webp 1269w\" sizes=\"(max-width: 800px) 100vw, 800px\" \/>\t\t\t\t\t\t\t\t\t\t\t\t\t\t\t<\/div>\n\t\t\t\t<\/div>\n\t\t\t\t<div class=\"elementor-element elementor-element-72c38e8 elementor-widget-mobile__width-initial elementor-widget elementor-widget-text-editor\" data-id=\"72c38e8\" data-element_type=\"widget\" data-e-type=\"widget\" data-widget_type=\"text-editor.default\">\n\t\t\t\t<div class=\"elementor-widget-container\">\n\t\t\t\t\t\t\t\t\t<p>Soy Ang\u00e9lica Velasco, chef pastelera profesional con m\u00e1s de 10 a\u00f1os especializ\u00e1ndome en ganache y rellenos estructurales. He ense\u00f1ado a m\u00e1s de 200 pasteleras a trabajar con criterio t\u00e9cnico, no solo con recetas. Mi enfoque no es darte f\u00f3rmulas, es que entiendas por qu\u00e9 funcionan para que nunca m\u00e1s improvises.<\/p>\t\t\t\t\t\t\t\t<\/div>\n\t\t\t\t<\/div>\n\t\t\t\t\t<\/div>\n\t\t\t\t<\/div>\n\t\t<div class=\"elementor-element elementor-element-0591763 e-con-full e-flex e-con e-parent\" data-id=\"0591763\" data-element_type=\"container\" data-e-type=\"container\">\n\t\t\t\t<div class=\"elementor-element elementor-element-b114788 elementor-widget-mobile__width-initial elementor-widget elementor-widget-image\" data-id=\"b114788\" data-element_type=\"widget\" data-e-type=\"widget\" data-widget_type=\"image.default\">\n\t\t\t\t<div class=\"elementor-widget-container\">\n\t\t\t\t\t\t\t\t\t\t\t\t\t\t\t<img loading=\"lazy\" decoding=\"async\" width=\"150\" height=\"150\" src=\"https:\/\/angelicacakedesign.com\/wp-content\/uploads\/2024\/08\/Insignia-2-1-150x150.png\" class=\"attachment-thumbnail size-thumbnail wp-image-1546\" alt=\"\" srcset=\"https:\/\/angelicacakedesign.com\/wp-content\/uploads\/2024\/08\/Insignia-2-1-150x150.png 150w, https:\/\/angelicacakedesign.com\/wp-content\/uploads\/2024\/08\/Insignia-2-1-300x300.png 300w, https:\/\/angelicacakedesign.com\/wp-content\/uploads\/2024\/08\/Insignia-2-1-100x100.png 100w, https:\/\/angelicacakedesign.com\/wp-content\/uploads\/2024\/08\/Insignia-2-1.png 362w\" sizes=\"(max-width: 150px) 100vw, 150px\" \/>\t\t\t\t\t\t\t\t\t\t\t\t\t\t\t<\/div>\n\t\t\t\t<\/div>\n\t\t\t\t<\/div>\n\t\t<div class=\"elementor-element elementor-element-2081bed e-con-full e-flex e-con e-parent\" data-id=\"2081bed\" data-element_type=\"container\" data-e-type=\"container\">\n\t\t\t\t<div class=\"elementor-element elementor-element-6e2e611 elementor-widget elementor-widget-heading\" data-id=\"6e2e611\" data-element_type=\"widget\" data-e-type=\"widget\" data-widget_type=\"heading.default\">\n\t\t\t\t<div class=\"elementor-widget-container\">\n\t\t\t\t\t<h2 class=\"elementor-heading-title elementor-size-default\">\u00a1NO ESPERES M\u00c1S TUS TORTAS LO MERECEN!<\/h2>\t\t\t\t<\/div>\n\t\t\t\t<\/div>\n\t\t\t\t<div class=\"elementor-element elementor-element-7052f47 elementor-widget elementor-widget-text-editor\" data-id=\"7052f47\" data-element_type=\"widget\" data-e-type=\"widget\" data-widget_type=\"text-editor.default\">\n\t\t\t\t<div class=\"elementor-widget-container\">\n\t\t\t\t\t\t\t\t\t<p>Eleva la calidad de tus tortas con estos 20 rellenos estructurales y lleva tu negocio de pasteler\u00eda a un nuevo nivel.\u00a0<\/p><h2>\u00a1HAZ CLIC EN EL BOT\u00d3N Y COMIENZA AHORA!<\/h2>\t\t\t\t\t\t\t\t<\/div>\n\t\t\t\t<\/div>\n\t\t\t\t<div class=\"elementor-element elementor-element-c52f434 elementor-align-justify elementor-mobile-align-justify elementor-widget elementor-widget-button\" data-id=\"c52f434\" data-element_type=\"widget\" data-e-type=\"widget\" data-widget_type=\"button.default\">\n\t\t\t\t<div class=\"elementor-widget-container\">\n\t\t\t\t\t\t\t\t\t<div class=\"elementor-button-wrapper\">\n\t\t\t\t\t<a class=\"elementor-button elementor-button-link elementor-size-sm\" href=\"https:\/\/pay.hotmart.com\/T95668567S?off=duuru7o2\">\n\t\t\t\t\t\t<span class=\"elementor-button-content-wrapper\">\n\t\t\t\t\t\t\t\t\t<span class=\"elementor-button-text\">\u00a1COMPRA AHORA\u00a1<\/span>\n\t\t\t\t\t<\/span>\n\t\t\t\t\t<\/a>\n\t\t\t\t<\/div>\n\t\t\t\t\t\t\t\t<\/div>\n\t\t\t\t<\/div>\n\t\t\t\t<\/div>\n\t\t\t\t<\/div>\n\t\t","protected":false},"excerpt":{"rendered":"<p>LOS MEJORES 20 RELLENOS ESTRUCTURALES PARA TORTAS ALTAS Aprende las mejores recetas que asegurar\u00e1n que tus tortas se mantengan perfectas, incluso las m\u00e1s altas \u00a1COMPRA AHORA! PORQU\u00c9 NECESITAS ESTE EBOOK? \u2022 \u201cRellenos a base de Ganache que proporcionan estabilidad a tus tortas altas, asegurando que mantengan su forma perfecta.\u201d \u2022\u201cRecetas f\u00e1ciles y probadas, que te [&hellip;]<\/p>\n","protected":false},"author":1,"featured_media":0,"parent":0,"menu_order":0,"comment_status":"closed","ping_status":"closed","template":"","meta":{"om_disable_all_campaigns":false,"footnotes":""},"class_list":["post-1986","page","type-page","status-publish","hentry"],"aioseo_notices":[],"_links":{"self":[{"href":"https:\/\/angelicacakedesign.com\/index.php\/wp-json\/wp\/v2\/pages\/1986","targetHints":{"allow":["GET"]}}],"collection":[{"href":"https:\/\/angelicacakedesign.com\/index.php\/wp-json\/wp\/v2\/pages"}],"about":[{"href":"https:\/\/angelicacakedesign.com\/index.php\/wp-json\/wp\/v2\/types\/page"}],"author":[{"embeddable":true,"href":"https:\/\/angelicacakedesign.com\/index.php\/wp-json\/wp\/v2\/users\/1"}],"replies":[{"embeddable":true,"href":"https:\/\/angelicacakedesign.com\/index.php\/wp-json\/wp\/v2\/comments?post=1986"}],"version-history":[{"count":211,"href":"https:\/\/angelicacakedesign.com\/index.php\/wp-json\/wp\/v2\/pages\/1986\/revisions"}],"predecessor-version":[{"id":2909,"href":"https:\/\/angelicacakedesign.com\/index.php\/wp-json\/wp\/v2\/pages\/1986\/revisions\/2909"}],"wp:attachment":[{"href":"https:\/\/angelicacakedesign.com\/index.php\/wp-json\/wp\/v2\/media?parent=1986"}],"curies":[{"name":"wp","href":"https:\/\/api.w.org\/{rel}","templated":true}]}}